 is f(-6)?
-3
Let s(f) = -f**2 + f + 1. Suppose -1 - 7 = -2*t. Suppose -t*o = 5*r + 25, 5 = r + 4*r - 2*o. Give s(r).
-1
Let t(z) be the first derivative of 0*z - 2/3*z**3 - 1 - 1/120*z**5 + 0*z**2 - 1/12*z**4. Let j(s) be the third derivative of t(s). Give j(-3).
1
Let z(k) = 14*k + 10*k - 1 + 2 - 21*k. Suppose -r - 4 = -3. Give z(r).
-2
Let g(y) = y + 4. Suppose -2*z = 2*z. Calculate g(z).
4
Suppose 2*a + 15 = 7*a. Suppose -a*w = 4*t - 3*t, 4*w = -2*t - 4. Let h(y) = y + 12. What is h(t)?
6
Let m(v) = -1 + 2*v**2 - 5 + 7 - 5*v**2. Determine m(-1).
-2
Let u(o) = -o**2 - 8*o - 7. Let c be u(-6). Let j(h) be the second derivative of -h**5/20 + h**4/2 - h**3/2 - 3*h**2 + 17*h. Calculate j(c).
4
Suppose 0 = -6*k + 2*k. Let z(d) = 2*d**3 - 3*d**2 + 2*d - 5. Let n(t) = -t**3 + t**2 - t + 2. Let q(y) = -5*n(y) - 2*z(y). Calculate q(k).
0
Let j(v) be the first derivative of v**5/15 + v**4/24 + v**2/2 - 4. Let y(r) be the second derivative of j(r). Give y(1).
5
Let s = -4 - -8. Let v(n) = n**3 - 4*n**2 + 4*n - 3. Give v(s).
13
Let v(h) = -h**3 - 2*h**2 + 2*h + 2*h**2 + 3*h**2 - 3. Calculate v(2).
5
Let r(y) be the second derivative of -y**5/20 + y**4/6 + y**3/3 + 5*y**2/2 + 6*y. Determine r(4).
-19
Let y = 6 + -1. Suppose 5 = h, 0*w - 2*w - y = -h. Let m(j) = -j + 4. What is m(w)?
4
Let d(r) = r**3 - 4*r**2 - 5*r - 5. Suppose -j - 5 = -0*j - t, j + 11 = 3*t. Let w = 7 + j. What is d(w)?
-5
Let r be 2 - (-6 - (0 + 3)). Let z = 6 - r. Let b(l) = l**3 + 5*l**2 - 3*l - 5. Give b(z).
10
Let n(r) = r**3 + 5*r**2 - 3*r - 11. Let h be n(-5). Let y(t) = -t**3 + 5*t**2 + t + 2. Determine y(h).
22
Let o(n) = -n**2 + n. Let y = 30 - 26. Determine o(y).
-12
Let u(c) be the second derivative of c + 1/2*c**2 + 0 + 5/6*c**3. Calculate u(-1).
-4
Let j be 1/(-2 + 82/40). Suppose 6*q = 2*q + j. Let n(p) = p**2 - 5*p + 1. Let o(v) = v**2 - 5*v + 1. Let i(y) = -5*n(y) + 6*o(y). Determine i(q).
1
Let j = 171 - 174. Let l(f) = -f**2 - 4*f. Calculate l(j).
3
Suppose 0 = -4*q - 12, 2*u - 5*q - 3 = -2*u. Let f(o) = 0*o**2 - 24 + 3*o + o**2 - 2*o + 26. Calculate f(u).
8
Let v(o) = 4*o**2 + 2*o - 2. Let h(a) = 3*a**2 + 2*a - 1. Let l(w) = -3*h(w) + 2*v(w). Give l(-3).
-4
Let k(g) = -g**3 + 2*g**2 + 4*g - 2. Let t = -8 - -12. Determine k(t).
-18
Let b(i) = i**2 + 2*i**2 - 9 + 9 - 1. Suppose 2*g + 3*g - z = 19, 0 = -2*g - 4*z + 12. Suppose g*s + 3*j - 19 = -0*j, -j = -5. What is b(s)?
2
Let x(y) = 2*y - 10. Let g be x(8). Let r(v) = -5*v**3 - 3*v**2 - 2*v + 11. Let a(b) = -9*b**3 - 5*b**2 - 4*b + 21. Let d(l) = g*a(l) - 11*r(l). What is d(-4)?
-3
Let w(r) = -7*r - 5. Let s(u) = 13*u + 9. Let y(f) = -6*s(f) - 11*w(f). Let z = 5 + -3. Let h = z + 0. What is y(h)?
-1
Let k(q) = q**3 - q - 1. Let s(c) = 4*c**3 + 7*c**2 - 10*c - 2. Let x(v) = 5*k(v) - s(v). Let i(t) = -t**3 + t**2 + t + 6. Let d be i(0). Determine x(d).
-9
Let o(s) be the third derivative of s**7/840 - s**6/120 - s**5/24 + s**4/4 + s**3/3 + s**2. Let j(x) be the first derivative of o(x). What is j(4)?
2
Let c be 6/15 + (-39)/(-15). Let h(a) = 2*a - c*a**3 - a**2 - 1 + 0*a**2 + 6*a**3. Give h(1).
3
Let d(s) = 3*s - 7. Let x be ((-9)/6)/((-2)/(-20)). Let k be x*(-3)/9*1. What is d(k)?
8
Let b(v) = -226 + 226 + 2*v + 2*v**2. Calculate b(-2).
4
Let g be (-38)/(-5) + 4/10. Let z(b) = -12 - 11*b + g*b + 4*b. Suppose 3*d = -4*a + 3, -5*a - 20 = 5*d - 6*d. Calculate z(d).
-7
Let z(k) = 0*k + 1 - 3 - k. Suppose -22 = -3*i + 2*m, i - 4*m - 7 + 3 = 0. Let a = i + -13. What is z(a)?
3
Let h(v) = v**3 - 3*v**2 + v - 3. Suppose 0 = -2*l - 3 + 5. Let i = l + 2. Determine h(i).
0
Let k(w) = w**2 + 4*w - 7. Let h be k(2). Let m(f) be the second derivative of -1/6*f**3 + 0*f**4 - 1/10*f**h - 1/2*f**2 - f + 0. Give m(-1).
2
Suppose 3*k - 42 = 60. Suppose 4*b - k = 2*o, -b = b + 4*o + 8. Let h(s) = s**2 - 7*s. Give h(b).
-6
Suppose 6*x = x - 10. Let k(q) be the third derivative of -q**6/120 + 11*q**2. Give k(x).
8
Let x(f) = f**3 - 15*f**2 + 13*f + 16. Let d be x(14). Let n(a) = -2*a**2 + 1. Calculate n(d).
-7
Let v(d) = -10*d**2. Let x(s) = s**3 + 4*s**2 - s + 1. Let z be x(-4). Suppose 5*q - z*l - 20 = -0*l, -5*q + l = 0. Give v(q).
-10
Let i(t) = -2*t - 9. Let x be i(-5). Let d(l) = 2*l - l + x - 2. Give d(0).
-1
Let g(t) = -t**2 - 6*t - 4. Let f be g(-5). Let d(v) = -v - 4. Let r be d(-5). Let h(j) = -7*j**2 + 4*j**2 + r + 0*j**2 - 5*j**2. Determine h(f).
-7
Let b(j) = j. Let d(g) = -g**2 + 3*g + 5. Let c be d(4). Let w = 1 - c. Let v = w - 0. Calculate b(v).
0
Let x(i) be the second derivative of i**5/20 + i**3/6 + i**2/2 - 6*i. Suppose -l - 2*n = 11, -26 = -2*l + 3*l + 5*n. Give x(l).
-1
Let c(x) = -x - 6. Let o be c(-8). Let t(l) = -2*l + 0 - 3 - l**3 + 0*l**3 - 5*l**o. Give t(-5).
7
Let r(i) = -2 + 2*i + 4*i + 8 - 5. What is r(-2)?
-11
Let c(a) = a - 3. Let z(w) = -2*w + 4. Let r(n) = 5*c(n) + 4*z(n). Suppose 0 = -34*i + 38*i - 12. Calculate r(i).
-8
Let v = 107/303 + -2/101. Let l(c) be the second derivative of v*c**3 + 1/6*c**4 - c - c**2 + 0. Calculate l(-2).
2
Let x(y) = y**3 - 3*y**2 - 28*y + 2. Let p be x(7). Let g(l) = -l**2 + 3*l - 3. Give g(p).
-1
Let q(u) = 2*u + 2 - u**2 - 2. Let z(s) = s**3 - 3*s**2 + 2. Let w be z(2). Give q(w).
-8
Let q(p) = 5*p**3 - 5*p**2 + 7*p - 4. Let a(i) = -11*i**3 + 10*i**2 - 15*i + 9. Let w(d) = 4*a(d) + 9*q(d). Let o = 0 + 2. Determine w(o).
-6
Let z(m) = 3*m**2 + 3*m + 3*m**3 - 2*m**3 - 4*m. Suppose 3*p = -4*v + v - 18, 4*v = 0. Let r be ((-6)/(-4))/(p/12). What is z(r)?
3
Let y(c) = 4*c + 4 - c**2 + 1 + 0 - 8*c. What is y(-4)?
5
Let o(x) = x + 6. Let y be o(-6). Suppose -r - 4*r - 24 = -3*p, y = -2*r - 6. Let j(a) = -p - 2 - 5 + a. Give j(0).
-10
Let q be 3/18 + (-3)/18. Let n(y) be the third derivative of 0*y**4 - 3*y**2 + 0 + 1/120*y**6 + 1/12*y**5 + q*y + 5/6*y**3. Calculate n(-5).
5
Let m(g) = 4*g**3 + 4*g**2 - 11 - 5*g - 3*g**3 + 5. Give m(-5).
-6
Let r(m) be the third derivative of -m**5/60 + 5*m**4/24 - 3*m**2. Let c be r(4). Let f(h) be the first derivative of h**3/3 - h**2 - 2*h + 3. Give f(c).
6
Let v = 53 + -48. Suppose 3*c = 5*a + 2*c - 11, 2*a - c = 5. Let g(s) = -3*s - 7. Let f(q) = -q - 4. Let u(t) = a*g(t) - 5*f(t). Determine u(v).
1
Let j(p) = -2*p - 4. Let u be 0 + ((-4)/2 - -2)/(-2). What is j(u)?
-4
Let d(x) = 5*x**2 - 4*x**2 - 3*x + 11 - 8. Determine d(3).
3
Let k(f) = -5*f - 6. Let a(x) = -6*x - 7. Let i(j) = -6*a(j) + 7*k(j). Let o be i(-6). Let s(c) = -c**3 - 6*c**2 + c + 1. Determine s(o).
-5
Let o(i) = -i**3 + 7*i**2 - 6*i + 4. Let q be o(6). Let f(h) = h**3 - 4*h**2 + 2*h - 2. What is f(q)?
6
Let m(t) be the first derivative of t**3/3 - 3*t**2/2 - 2*t + 4. Let x = 1 - 1. Suppose -u = 3*f + 5, 5*u - 2*f + 8 = -x. Calculate m(u).
8
Suppose 0 = 2*w + 3*w - 25. Let k = w + -3. Let o = k + -2. Let q(n) = n + 8. What is q(o)?
8
Let y(a) = a**3 + 5. Let q be -1 + 2*12/(-3). Let p be (-3)/(q/(-3)) + 1. What is y(p)?
5
Let a(k) = -k**2 - 7. Let w = 8 + -4. Suppose 1 = 4*i - 5*m + 6, w*i - m + 1 = 0. What is a(i)?
-7
Suppose -2*o = 3*o - 15. Suppose -5*c + 2 = -i, -o*i = 4*c + c - 14. Let y(b) = -4*b + 5*b + 0 + i*b + b**2 + 4. What is y(-3)?
1
Let b be 9*(-1 - (-10)/6). Let l be (-15)/b*1*-2. Let p(r) be the first derivative of -r**3/3 + 7*r**2/2 - 6*r + 2. Give p(l).
4
Suppose 0 = -3*i - i - j - 3, -5*j = 2*i + 15. Let h(b) = -4*b + 8. Let c(n) = n. Let m be (-1 + (-2 - -2))*-1. Let p(w) = m*h(w) + 5*c(w). Determine p(i).
8
Let f(b) be the first derivative of -5*b**4/4 - 2*b**3 + b**2 - 8*b - 1. Let y(h) = 3*h**3 + 4*h**2 - h + 5. Let x(w) = 5*f(w) + 8*y(w). What is x(3)?
-3
Let t(s) = -2*s. Let v(m) be the second derivative of 1/20*m**5 + m + 0 + 0*m**3 + 1/2*m**2 + 1/12*m**4. Let w be v(0). Give t(w).
-2
Let j(p) = p**2 - 2*p - 2. Suppose 2*k - 2 = k. Suppose -q - 2*z - 34 = 0, -3*z + k*z + 81 = -3*q. Let l be q/(-6) + (-8)/12. Calculate j(l).
6
Let p(a) be the third derivative of -2*a**2 + 0 + 0*a + 1/6*a**4 - 1/2*a**3. What is p(3)?
9
Let a(v) = -v**2 - 10*v + 3. Let b be a(-10). Suppose -s + 11 = 3*u, 0 = b*u + u + s - 14. Let w(x) = x**3 - 4*x**2 + 2*x + 1. Determine w(u).
-2
Let f = -6 + 9. Let i(t) = 3*t**3 + 2*t - 3 - 2*t**2 - 3*t - 4*t**f + 2. Give i(-2).
1
Let s(j) = 3*j - 38. Let y be s(13). Let i(w) = -w**3 + w**2 - 1. Give i(y).
-1
Suppose n + 0*g + 4 